 (2 - -14)).
-11
Calculate 23 + (5 - 14) + -5 - 72 - 5.
-68
Evaluate (-85 - -1) + (0 - -4) + (-5 - (-46 - -30)).
-69
Evaluate -30 - -10 - (-8 - -50).
-62
Evaluate -4 + 0 + -41 + 25 + 209 + -92.
97
What is the value of -67 - (-16 - -67 - 55)?
-63
-16 + (-82 - -60) + 42
4
-7 - (3 - (27 - 6) - (-63 + 54))
2
Calculate (3 - 0) + 8 - (-46 - -97).
-40
What is -13 + 17 + -3 - (-67 + (10 - 6) + -5)?
69
What is the value of 2420 + -2431 - (-5 + -4 + 60)?
-62
What is -42 + 2 - (-21 + -17)?
-2
What is 5 - (1 + (13 + -30 - -19))?
2
What is the value of (-1 - 3) + -58 + -2 + -1 + (-43 - -42)?
-66
Calculate -1 - (43 + 9 + (-4 - -13 - 19)).
-43
27 - (-24 - (1 + 13 - (-22 + 82)))
5
Calculate 1 + (-1235 - -1223 - (1 + -1 - -3)).
-14
Evaluate -45308 - -45321 - (3 + (1 - 0)).
9
What is 49 - (27 - (15 + -23))?
14
(3458 - 3465) + (-40 - (1 + -2))
-46
1 - 25 - (-3953 + 3974)
-45
Evaluate 1 + -58 + (15 + (14 - 21) - (21 + -11)).
-59
What is the value of 262 + -262 - ((1 - 1) + 17) - 13?
-30
2151 + -2146 + -2 + (-34 - 2)
-33
13 + 62 + -21 + 2 + 2
58
75 + (5 - -2 - 2 - (45 + -1 - 27))
63
What is the value of 7 + (5 + 5 - (-4 - -11)) + -36?
-26
Evaluate (-21 - (19 - 19)) + -28 + -5 + 0 + 1.
-53
Evaluate 198 + -120 - (6 + 6 + -17 - -12).
71
What is (308 - 392 - -174) + (-46 - -1)?
45
What is the value of 616 + -637 - ((2 - -8) + -2)?
-29
(35 - -15 - 100) + 62 - ((0 - -100) + 1)
-89
Calculate 11 + (-11 - (9 - 15 - (6 - 4 - 6))).
2
What is 40 + (75 - 39) + -110?
-34
What is the value of 131 - (-18 - (-69 - 159))?
-79
(-5 - 0) + (-100 - (-177 - -60))
12
Calculate -68 + (69 - (-71 - -93)).
-21
What is (-2 - ((45 - 47) + (0 - -2))) + 101?
99
Evaluate -89 + 175 + -126 - (-14 + -2).
-24
Calculate 67 + -22 + -1 - 15.
29
What is 1 + -5 + (-166 - -116) - (-8 + 9 + 8)?
-63
What is -17 + 1 + (-12 - -87) + -45?
14
Evaluate (-5 + (3 - 5) - (-13 + 7 + 1)) + 52.
50
What is the value of 32 + -12 + 95 + -137?
-22
Calculate (8 - 3) + -7 - (0 + (9 - -1 - -34)).
-46
What is (128 - -72) + -114 - 154?
-68
What is 28 + (79 - 18) + -58 - (0 + 1 + -2)?
32
What is 0 - 47 - (-6 - (2 - (16 + -21)) - -20)?
-54
What is the value of -93 + -6 + (438 - 395)?
-56
(34 - (35 + -14) - (-8 - -1)) + 10
30
What is (-8 - -11) + -6 + 0 + (-24 + 8 - -32)?
13
What is the value of 4 + 8 + -5 + (-36 - 0) + -47?
-76
(1 - -77) + (-10 - (5 + 1 + 8) - -16)
70
Calculate (12 - 19 - -22) + (-25 - -7).
-3
What is 2 + (56 - (118 + 84))?
-144
What is (174 - 87) + -74 + (0 - 1 - 29)?
-17
Evaluate (8 - 13 - 8) + (5 - -14 - 22).
-16
What is the value of 36 - (542 + -512 + 1 + -1)?
6
Calculate 0 + -60 - (-25 - ((-31 - (-9 + -6)) + -5)).
-56
Evaluate -58 - 43 - -40 - (-28 - -4).
-37
(-2 - 1 - -2) + (39 - (9 - 20))
49
What is 233 - 142 - 122 - (0 + (2 - 2))?
-31
What is the value of 35 + (82 - 182) - (2 - -13 - 0)?
-80
What is -4 + -6 + (-1 - -12) + 39 + -53 + 21?
8
Calculate -70 + -62 + 169 - -59.
96
Calculate (70 - 1) + 17689 + -17793.
-35
Evaluate 0 + 44 - ((27 - -38) + -15 - 35).
29
Evaluate -120 + (-17 + -3 - (-51 + -7)).
-82
Calculate 19 - (23 - (-8 + -9)).
-21
What is the value of (214 - 311) + -2 + (35 - 0)?
-64
Calculate (-1 - (1 + -3)) + -5 - (1397 + -1432).
31
Evaluate -17 - (-69 - (-242 - -103)).
-87
What is 8 + -31 + 71 + (-14 - 2)?
32
93 + -43 + -2 - 109
-61
-738 + 725 - (-37 + (1 - -1)) - -11
33
Evaluate (-44 - (31 + -15 - 33)) + 118.
91
(-1 - 22 - (-195 + 175)) + 10
7
Calculate 27 + -59 + 103 + -57.
14
What is (19 - -5) + -39 - (0 + -6 + -206 + 68)?
129
Calculate (0 - -26) + -17 + 16 + 0 + 10.
35
Evaluate (-11 + 6 + 52 - -1) + -2 - 21.
25
(-2 - 3) + 68 + (4 - (2 + 3 + 10))
52
What is -18 - (-6 + 3 + -1) - (2 - -21)?
-37
-19 + 1 + 3 - ((17 - (-6 + 44)) + 28)
-22
Calculate 13 + 2 + -9 + (61 - -49).
116
Calculate -3 + 3 + 0 + -2 + 3 + (-1251 - -1225).
-25
-38 - (4 - (7 - -8) - ((-6 - -3) + 1))
-29
Calculate 38 + (21 + 0 - 25 - -11).
45
What is the value of -10747 - -10692 - (1 + -6 + -1 + -4 + 4)?
-49
Calculate (10 - (5 - (22 - 16))) + 51 + -8 - 6.
48
Evaluate (-74 - (30 + 78)) + 66.
-116
What is 27 + -30 + (5 - (0 + (-6 - -7))) - 2?
-1
-83 + (24 + -20 - (-17 + -10 + 16))
-68
What is -24 - 0 - (948 - 980 - (-26 + 0))?
-18
What is the value of 9 + -159 + 20 - -11?
-119
-3 + 51 - (1439 - 1373)
-18
(0 - -11) + (29 - (26 + 0 + -41))
55
Calculate 14 - (-17 + (12 - 0 - 6) - -37).
-12
Evaluate (9 - -1) + -12 + 8 + -2 + (0 - 39).
-35
What is the value of 387 + -282 - (-34 - 2) - 19?
122
(23 + -15 - -34) + 2 + (-2 - 1) + 0
41
Calculate 40 - (69 - 30) - (-18 + -3).
22
Evaluate 3961 + -3960 + -14 + 0.
-13
5 + (-14 - -18) - (-15 - -41)
-17
Evaluate (50 - 33) + (-18 - 3).
-4
What is the value of (6 - (6 + 9 - 15)) + 5 + (2 - 64)?
-51
Calculate -4 + 4 + -30 + -16 + 15 + 8 + -2.
-25
What is the value of 0 + -36 - (48 - (-107 - -216))?
25
What is (43 - 54) + -8 + 10 + (11 - 0)?
2
What is the value of (2 - 5 - 15) + 12 + -1 + 11?
4
Calculate 115 - (16 - -88 - 62).
73
What is (-80 - (-189 + 103)) + (-3 + 6 - 81)?
-72
Evaluate 6 + -55 + 37 + 43 + -28.
3
What is the value of -48 - (3 + (-1 - 1) - ((49 - 4) + -47))?
-51
Evaluate 4 - (1 + (-5 + 2 - 3)) - (-108 - -68).
49
What is the value of -68 + 74 - 11 - (2 - -2)?
-9
Calculate -2446 + 2409 + (0 - -4 - -107).
74
What is the value of -5 + (-2 + (3 - -2) - 2) - (50 - 49)?
-5
Calculate -56 + -4 + -4 + 8 + (26 - 19 - 8).
-57
What is the value of (1 + -61 + 24 - 11) + 16?
-31
Evaluate 0 - (24 - -2) - ((-92 - -124) + -26).
-32
What is -1 + -50 - (1495 - 1493)?
-53
259 + -262 - (-4 - (-62 + (5 - 4)) - -3)
-63
What is the value of 46 - (-56 + 4) - 57?
41
(-1 - 120) + -5877 + 5934
-64
What is -55 + (2 + 1 + (-1 - 0) - (971 - 971))?
-53
Evaluate -23 - (7 + (11 + (-3 + 12 - 25) - 2)).
-23
What is the value of (-325 - -330) + (26 - 9 - (6 + 0))?
16
What is the value of 65 + (2 + 4 - (2 + (-6 - -1 - -17)))?
57
Calculate 0 + 0 - (828 - 711).
-117
Calculate -1 + (-4 - 38) + (-938 - -910).
-71
Evaluate -11 - ((1 - 11) + -17) - 65.
-49
What is the value of (-20 - 4) + (180 - 143)?
13
What is the value of -8 - (-12 - 9) - (48 + 6)?
-41
Calculate 30 + (20 + (18 - 31) - -45).
82
Evaluate (0 - -10) + (-21 - (-2 - 10)) + 8 + -3.
6
Evaluate 25 - (79 - 75 - 61).
82
Evaluate (-63 - -3 - -24) + (14 - -13).
-9
Evaluate -117 - -2 - 2 - (322 + -378 + (-1 - -43)).
-103
Calculate (22 - 2) + (26 - (15 + 42)).
-11
Calculate ((-10 - -1) + 7 - -73) + (-4 - -17 - 19).
65
Evaluate (-6 - (0 - -1)) + -1 + 9 + 514 + -465.
50
What is ((25 - 29) + (0 + 2 - -4) - -12) + -59?
-45
Calculate 1 + -36 + (-55 - -41).
-49
What is -111 - (-280 - -127) - (1 - 4)?
45
What is 140 + -244 + 74 - (-83 - -3)?
50
Evaluate (-41 - -1 - (-7 + (-9 - -16))) + 1.
-39
5 + 17 - (-90 + -25 + 60)
77
32 - (38 + -73 + 32 + -11)
46
What is the value of -69 + 21 + (-14 + (-11 + 1 - -19) - 7)?
-60
-62 - (-185 + 5) - (-8 + (-5 - -7) + 17)
107
What is 14 + ((5 - -29) + 39 - 3)?
84
Calculate -37 + 30 + -13 - 31 - 7.
-58
What is the value of -2150 + 2144 - (17 - (2 - (2 - 0)))?
-23
Evaluate (-6 - 55 - -95) + 2.
36
Calculate 6 + ((-46 - -19) + 27 - (-1 + 21 + 4)).
-18
Evaluate 7 + -2 - (-88 + 76 + (5 - -2)).
10
24 + -5 + 8 + (19 - 13)
33
What is -69 - -83 - ((-278 - -280) + 0 + 47)?
-35
What is the value of 1 + -50 - (-110 - (-86 + -17))?
-42
Evaluate -9 - ((-20 - -18) + 5) - -8.
-4
(-58 - (-43 + -60)) + -19
26
-2 + -8 + (31 - 55) + 64
30
(-53 - -59 - 47) + 31
-10
What is -34 + (17 - -16) + -80?
-81
What is -30 + 36 - 26 - -12 - -7?
-1
What is -11 + 26 + -14 + (2 - 8) + (26 - 9)?
12
Calculate 20 + -1 - 58 - 22.
-61
-1 + 4 + -13 + 5 + 21 + -6
10
What is the value of 2 - (-3 + (3 - (130 + -11) - (9 + -10)))?
120
8 - -1 - (0 - (26 + -95 + -8))
-68
What is 56 - (10 - (-28 + -13))?
5
-2 + -1 + 6 - (36 - (119 - 166))
-80
What is the value of 61 + (17 - 13 - (0 - -10))?
55
22 + (23 - (-66 + 59))
52
What is ((5 - 12) + 1 - (374 - 451)) + (2 - -2)?
75
Evaluate -18 + (-52 - 29 - (-24 - (9 + -11))).
-77
-18 - (-10 + 28 + 30 - 10)
-56
3 + ((9 - 10 - 16) + 7 - 15)
-22
Evaluate -1 + -3 + 9 - ((-18 - 131) + 108).
46
28 - (-8 + 56 + -22)
2
(660 - 677 - (0 + -8) - (-1 - 48)) + 12
52
What is the value of -1 - 20 - 2 - (11164 - 11226)?
39
Calculate 3 - 56 - (5 + -6 + -14 - (-16 - -6)).
-48
2 + 55 + (-10 - -97 - 72) - (-13 + 1)
84
What is the value of (-23 - -42) + -6 - 21?
-8
Calc